{"id":5234,"date":"2025-09-25T11:09:17","date_gmt":"2025-09-25T11:09:17","guid":{"rendered":"https:\/\/vedomebyti.cz\/?page_id=5234"},"modified":"2025-09-25T11:12:12","modified_gmt":"2025-09-25T11:12:12","slug":"_akce_projasnujici_petidenni_zensky_kruh","status":"publish","type":"page","link":"https:\/\/vedomebyti.cz\/es\/_akce_projasnujici_petidenni_zensky_kruh\/","title":{"rendered":"_AKCE_PROJAS\u0147UJ\u00cdC\u00cd P\u011aTIDENN\u00cd \u017dENSK\u00dd KRUH"},"content":{"rendered":"<div id=\"pl-5234\"  class=\"panel-layout\" ><div id=\"pg-5234-0\"  class=\"panel-grid panel-no-style\" ><div id=\"pgc-5234-0-0\"  class=\"panel-grid-cell\" ><div id=\"panel-5234-0-0-0\" class=\"so-panel widget widget_sow-editor panel-first-child panel-last-child\" data-index=\"0\" ><div class=\"MY-page-header panel-widget-style panel-widget-style-for-5234-0-0-0\" ><div\n\t\t\t\n\t\t\tclass=\"so-widget-sow-editor so-widget-sow-editor-base\"\n\t\t\t\n\t\t>\n<div class=\"siteorigin-widget-tinymce textwidget\">\n\tPROJAS\u0147UJ\u00cdC\u00cd P\u011aTIDENN\u00cd \u017dENSK\u00dd KRUH<\/div>\n<\/div><\/div><\/div><\/div><\/div><div id=\"pg-5234-1\"  class=\"panel-grid panel-has-style\" ><div class=\"MY-hlbox-big-lr MY-bg-stromlist3x-opaq5-fixed panel-row-style panel-row-style-for-5234-1\" ><div id=\"pgc-5234-1-0\"  class=\"panel-grid-cell\" ><div id=\"panel-5234-1-0-0\" class=\"so-panel widget widget_sow-editor panel-first-child panel-last-child\" data-index=\"1\" ><div\n\t\t\t\n\t\t\tclass=\"so-widget-sow-editor so-widget-sow-editor-base\"\n\t\t\t\n\t\t>\n<div class=\"siteorigin-widget-tinymce textwidget\">\n\t<div style=\"text-align: justify;\">\n<p><img loading=\"lazy\" decoding=\"async\" class=\"alignleft MY-box-shadow6 size-medium\" style=\"margin: 0px 30px 20px 0px;\" src=\"https:\/\/vedomebyti.cz\/wp-content\/uploads\/2025\/09\/2025_podzim_salajna_projasnujici-scaled.jpg\" width=\"227\" height=\"321\" \/><\/p>\n<p><strong>Listopad je ide\u00e1ln\u00edm obdob\u00edm k zastaven\u00ed, obejmut\u00ed a prosv\u011btlen\u00ed toho, co dlouhodob\u011b vol\u00e1 po na\u0161\u00ed pozornosti<\/strong><\/p>\n<p><strong>5-denn\u00ed harmonizuj\u00edc\u00ed zastaven\u00ed (\u010dtvrtek-pond\u011bl\u00ed) s 3-denn\u00edm doprov\u00e1zen\u00fdm programem (p\u00e1tek-ned\u011ble) na p\u0159ekr\u00e1sn\u00e9m statku Salajna.  <\/strong><\/p>\n<p><strong>Poj\u010fme proz\u00e1\u0159it to, co si v sou\u010dasn\u00e9 f\u00e1zi na\u0161eho \u017eivota zaslou\u017e\u00ed l\u00e1skypln\u00e9 obejmut\u00ed. Poj\u010fme pos\u00edlit sv\u00e9 vlastn\u00ed sv\u011btlo silou \u017eensk\u00e9ho kruhu, p\u0159irozenou moudrost\u00ed ka\u017ed\u00e9 z p\u0159\u00edtomn\u00fdch \u017een. Jsme zrcadla a \u017e\u00e1dn\u00e9 setk\u00e1n\u00ed nen\u00ed n\u00e1hodn\u00e9. Ka\u017ed\u00e1 z \u017een p\u0159in\u00e1\u0161\u00ed p\u0159esn\u011b to, co ostatn\u00ed pot\u0159ebuj\u00ed. <\/strong><\/p>\n<p><strong>T\u00e9cnicas de meditaci\u00f3n inspiradoras, yoga de afirmaci\u00f3n original, trabajo energ\u00e9tico, danza, creaci\u00f3n, masajes, canto e intercambio de sabidur\u00eda y experiencias vitales se combinar\u00e1n con relajaci\u00f3n, deliciosas comidas caseras y alojamiento en la rom\u00e1ntica granja Salajna, en el pintoresco pueblo fronterizo de Bohemia Occidental.<\/strong><\/p>\n<\/div>\n<p>A continuaci\u00f3n encontrar\u00e1 m\u00e1s informaci\u00f3n sobre esta reuni\u00f3n; si est\u00e1 interesado, p\u00f3ngase en contacto con nosotros <a href=\"https:\/\/vedomebyti.cz\/es\/kontakt\/\">p\u00f3ngase en contacto con<\/a>.<\/p>\n<table class=\"MY-no-bottom-margin\" style=\"margin: 10px;\">\n<tbody>\n<tr>\n<td>Term\u00edn programu:<\/td>\n<td>13. 11. (17h) \u2013 17. 11. (15h) 2025<\/td>\n<\/tr>\n<tr>\n<td>Lugar:<\/td>\n<td><a href=\"https:\/\/salajna.cz\/\" target=\"_blank\" rel=\"noopener\">Granja Salajna Ma\u0161tal<\/a><\/td>\n<\/tr>\n<tr>\n<td>Comidas:<\/td>\n<td>pensi\u00f3n completa vegetariana<\/td>\n<\/tr>\n<tr>\n<td>Transporte:<\/td>\n<td>propio, se puede organizar un viaje compartido<\/td>\n<\/tr>\n<tr>\n<td>Precio:<\/td>\n<td>3 900,- (ubytov\u00e1n\u00ed, pln\u00e1 penze od p\u00e1tku odpoledne do pond\u011bln\u00edho ob\u011bda) + otev\u0159en\u00fd p\u0159\u00edsp\u011bvek za \u010dasoprostor pr\u016fvodkyn\u011b (dle va\u0161ich finan\u010dn\u00edch mo\u017enost\u00ed a vlastn\u00edho zhodnocen\u00ed p\u0159\u00ednosu) splatn\u00fd na \u00fa\u010det po ukon\u010den\u00ed programu<\/td>\n<\/tr>\n<tr>\n<td>Copia de seguridad:<\/td>\n<td>3 900,- K\u010d (na \u00fa\u010det 1557881073\/0800, uhrazen\u00ed z\u00e1lohy je podm\u00ednkou pro rezervaci m\u00edsta)<\/td>\n<\/tr>\n<tr>\n<td>Tasa de cancelaci\u00f3n:<\/td>\n<td style=\"font-size: 70%;\">Los gastos de cancelaci\u00f3n se cobran en el porcentaje indicado - 0% de dep\u00f3sito para cancelaciones m\u00e1s de 2 meses antes del evento, 25% de dep\u00f3sito para cancelaciones menos de 2 meses antes del evento, 50% de dep\u00f3sito para cancelaciones hasta 1 mes antes del evento, 75% de dep\u00f3sito para cancelaciones hasta 14 d\u00edas, 100% para cancelaciones menos de 14 d\u00edas antes del evento. En caso de autoprovisi\u00f3n de un sustituto, en caso de completarse el aforo del evento con otros candidatos, o en caso de cancelaci\u00f3n del evento por parte del organizador, se anula la tasa de cancelaci\u00f3n y, por tanto, se devuelve el pago \u00edntegro.<\/td>\n<\/tr>\n<tr>\n<td>N\u00famero de participantes:<\/td>\n<td>14<\/td>\n<\/tr>\n<tr>\n<td>Volante:<\/td>\n<td><a href=\"https:\/\/vedomebyti.cz\/wp-content\/uploads\/2025\/09\/2025_podzim_salajna_projasnujici-scaled.jpg\" target=\"_blank\" rel=\"noopener\">JPG<\/a><\/td>\n<\/tr>\n<\/tbody>\n<\/table>\n<\/div>\n<\/div><\/div><\/div><\/div><\/div><\/div>","protected":false},"excerpt":{"rendered":"<p>PROJAS\u0147UJ\u00cdC\u00cd P\u011aTIDENN\u00cd \u017dENSK\u00dd KRUH Listopad je ide\u00e1ln\u00edm obdob\u00edm k zastaven\u00ed, obejmut\u00ed a prosv\u011btlen\u00ed toho, co dlouhodob\u011b vol\u00e1 po na\u0161\u00ed pozornosti 5-denn\u00ed harmonizuj\u00edc\u00ed zastaven\u00ed (\u010dtvrtek-pond\u011bl\u00ed) s 3-denn\u00edm doprov\u00e1zen\u00fdm programem (p\u00e1tek-ned\u011ble) na p\u0159ekr\u00e1sn\u00e9m statku Salajna. Poj\u010fme proz\u00e1\u0159it to, co si v sou\u010dasn\u00e9 f\u00e1zi na\u0161eho \u017eivota zaslou\u017e\u00ed l\u00e1skypln\u00e9 obejmut\u00ed. Poj\u010fme pos\u00edlit sv\u00e9 vlastn\u00ed sv\u011btlo silou \u017eensk\u00e9ho kruhu, p\u0159irozenou &hellip; <\/p>\n<p class=\"link-more\"><a href=\"https:\/\/vedomebyti.cz\/es\/_akce_projasnujici_petidenni_zensky_kruh\/\" class=\"more-link\">Seguir leyendo<span class=\"screen-reader-text\"> &#8222;_AKCE_PROJAS\u0147UJ\u00cdC\u00cd P\u011aTIDENN\u00cd \u017dENSK\u00dd KRUH&#8220;<\/span><\/a><\/p>","protected":false},"author":2,"featured_media":0,"parent":0,"menu_order":0,"comment_status":"closed","ping_status":"closed","template":"","meta":{"footnotes":""},"class_list":["post-5234","page","type-page","status-publish","hentry"],"_links":{"self":[{"href":"https:\/\/vedomebyti.cz\/es\/wp-json\/wp\/v2\/pages\/5234","targetHints":{"allow":["GET"]}}],"collection":[{"href":"https:\/\/vedomebyti.cz\/es\/wp-json\/wp\/v2\/pages"}],"about":[{"href":"https:\/\/vedomebyti.cz\/es\/wp-json\/wp\/v2\/types\/page"}],"author":[{"embeddable":true,"href":"https:\/\/vedomebyti.cz\/es\/wp-json\/wp\/v2\/users\/2"}],"replies":[{"embeddable":true,"href":"https:\/\/vedomebyti.cz\/es\/wp-json\/wp\/v2\/comments?post=5234"}],"version-history":[{"count":2,"href":"https:\/\/vedomebyti.cz\/es\/wp-json\/wp\/v2\/pages\/5234\/revisions"}],"predecessor-version":[{"id":5236,"href":"https:\/\/vedomebyti.cz\/es\/wp-json\/wp\/v2\/pages\/5234\/revisions\/5236"}],"wp:attachment":[{"href":"https:\/\/vedomebyti.cz\/es\/wp-json\/wp\/v2\/media?parent=5234"}],"curies":[{"name":"wp","href":"https:\/\/api.w.org\/{rel}","templated":true}]}}

_AKCE_PROJASŇUJÍCÍ PĚTIDENNÍ ŽENSKÝ KRUH

<div id="pl-5234"  class="panel-layout" ><div id="pg-5234-0"  class="panel-grid panel-no-style" ><div id="pgc-5234-0-0"  class="panel-grid-cell" ><div id="panel-5234-0-0-0" class="so-panel widget widget_sow-editor panel-first-child panel-last-child" data-index="0" ><div class="MY-page-header panel-widget-style panel-widget-style-for-5234-0-0-0" ><div
			
			class="so-widget-sow-editor so-widget-sow-editor-base"
			
		>
<div class="siteorigin-widget-tinymce textwidget">
	PROJASŇUJÍCÍ PĚTIDENNÍ ŽENSKÝ KRUH</div>
</div></div></div></div></div><div id="pg-5234-1"  class="panel-grid panel-has-style" ><div class="MY-hlbox-big-lr MY-bg-stromlist3x-opaq5-fixed panel-row-style panel-row-style-for-5234-1" ><div id="pgc-5234-1-0"  class="panel-grid-cell" ><div id="panel-5234-1-0-0" class="so-panel widget widget_sow-editor panel-first-child panel-last-child" data-index="1" ><div
			
			class="so-widget-sow-editor so-widget-sow-editor-base"
			
		>
<div class="siteorigin-widget-tinymce textwidget">
	<div style="text-align: justify;">
<p><img loading="lazy" decoding="async" class="alignleft MY-box-shadow6 size-medium" style="margin: 0px 30px 20px 0px;" src="https://vedomebyti.cz/wp-content/uploads/2025/09/2025_podzim_salajna_projasnujici-scaled.jpg" width="227" height="321" /></p>
<p><strong>Listopad je ideálním obdobím k zastavení, obejmutí a prosvětlení toho, co dlouhodobě volá po naší pozornosti</strong></p>
<p><strong>5-denní harmonizující zastavení (čtvrtek-pondělí) s 3-denním doprovázeným programem (pátek-neděle) na překrásném statku Salajna.  </strong></p>
<p><strong>Pojďme prozářit to, co si v současné fázi našeho života zaslouží láskyplné obejmutí. Pojďme posílit své vlastní světlo silou ženského kruhu, přirozenou moudrostí každé z přítomných žen. Jsme zrcadla a žádné setkání není náhodné. Každá z žen přináší přesně to, co ostatní potřebují. </strong></p>
<p><strong>Técnicas de meditación inspiradoras, yoga de afirmación original, trabajo energético, danza, creación, masajes, canto e intercambio de sabiduría y experiencias vitales se combinarán con relajación, deliciosas comidas caseras y alojamiento en la romántica granja Salajna, en el pintoresco pueblo fronterizo de Bohemia Occidental.</strong></p>
</div>
<p>A continuación encontrará más información sobre esta reunión; si está interesado, póngase en contacto con nosotros <a href="https://vedomebyti.cz/es/kontakt/">póngase en contacto con</a>.</p>
<table class="MY-no-bottom-margin" style="margin: 10px;">
<tbody>
<tr>
<td>Termín programu:</td>
<td>13. 11. (17h) – 17. 11. (15h) 2025</td>
</tr>
<tr>
<td>Lugar:</td>
<td><a href="https://salajna.cz/" target="_blank" rel="noopener">Granja Salajna Maštal</a></td>
</tr>
<tr>
<td>Comidas:</td>
<td>pensión completa vegetariana</td>
</tr>
<tr>
<td>Transporte:</td>
<td>propio, se puede organizar un viaje compartido</td>
</tr>
<tr>
<td>Precio:</td>
<td>3 900,- (ubytování, plná penze od pátku odpoledne do pondělního oběda) + otevřený příspěvek za časoprostor průvodkyně (dle vašich finančních možností a vlastního zhodnocení přínosu) splatný na účet po ukončení programu</td>
</tr>
<tr>
<td>Copia de seguridad:</td>
<td>3 900,- Kč (na účet 1557881073/0800, uhrazení zálohy je podmínkou pro rezervaci místa)</td>
</tr>
<tr>
<td>Tasa de cancelación:</td>
<td style="font-size: 70%;">Los gastos de cancelación se cobran en el porcentaje indicado - 0% de depósito para cancelaciones más de 2 meses antes del evento, 25% de depósito para cancelaciones menos de 2 meses antes del evento, 50% de depósito para cancelaciones hasta 1 mes antes del evento, 75% de depósito para cancelaciones hasta 14 días, 100% para cancelaciones menos de 14 días antes del evento. En caso de autoprovisión de un sustituto, en caso de completarse el aforo del evento con otros candidatos, o en caso de cancelación del evento por parte del organizador, se anula la tasa de cancelación y, por tanto, se devuelve el pago íntegro.</td>
</tr>
<tr>
<td>Número de participantes:</td>
<td>14</td>
</tr>
<tr>
<td>Volante:</td>
<td><a href="https://vedomebyti.cz/wp-content/uploads/2025/09/2025_podzim_salajna_projasnujici-scaled.jpg" target="_blank" rel="noopener">JPG</a></td>
</tr>
</tbody>
</table>
</div>
</div></div></div></div></div></div>

<p>PROJASŇUJÍCÍ PĚTIDENNÍ ŽENSKÝ KRUH Listopad je ideálním obdobím k zastavení, obejmutí a prosvětlení toho, co dlouhodobě volá po naší pozornosti 5-denní harmonizující zastavení (čtvrtek-pondělí) s 3-denním doprovázeným programem (pátek-neděle) na překrásném statku Salajna. Pojďme prozářit to, co si v současné fázi našeho života zaslouží láskyplné obejmutí. Pojďme posílit své vlastní světlo silou ženského kruhu, přirozenou &hellip; </p>
<p class="link-more"><a href="https://vedomebyti.cz/es/_akce_projasnujici_petidenni_zensky_kruh/" class="more-link">Seguir leyendo<span class="screen-reader-text"> &#8222;_AKCE_PROJASŇUJÍCÍ PĚTIDENNÍ ŽENSKÝ KRUH&#8220;</span></a></p>
